lculate the highest common divisor of 196 and 18620.
196
Calculate the greatest common factor of 43143 and 2409.
219
What is the highest common divisor of 7124 and 65?
13
Calculate the greatest common factor of 148 and 1512.
4
What is the highest common factor of 90 and 1545840?
90
What is the greatest common divisor of 132890 and 31040?
970
What is the greatest common divisor of 288 and 225168?
48
What is the highest common factor of 170 and 97920?
170
Calculate the greatest common divisor of 8 and 97168.
8
Calculate the greatest common divisor of 13829 and 10.
1
Calculate the highest common factor of 42 and 1405551.
21
What is the greatest common divisor of 720 and 303408?
144
What is the highest common divisor of 39552 and 15450?
618
Calculate the highest common divisor of 109123 and 68.
17
Calculate the greatest common factor of 863027 and 737.
737
What is the greatest common divisor of 567 and 35532?
189
Calculate the highest common divisor of 321924 and 417.
417
What is the greatest common factor of 498008 and 112?
56
What is the highest common divisor of 9226 and 1148?
14
Calculate the highest common divisor of 30498 and 611286.
1326
What is the greatest common factor of 2322 and 523998?
774
What is the highest common factor of 4829 and 2079?
11
What is the greatest common divisor of 43216 and 657?
73
What is the greatest common divisor of 5442 and 4434?
6
What is the greatest common divisor of 804 and 10932?
12
Calculate the highest common factor of 6454 and 44702.
14
What is the highest common factor of 83106 and 76?
38
Calculate the greatest common factor of 721 and 896.
7
Calculate the highest common divisor of 861 and 31201.
41
What is the greatest common divisor of 371 and 1526?
7
What is the highest common factor of 10 and 467095?
5
What is the highest common factor of 2553 and 16525569?
2553
What is the highest common factor of 414 and 666?
18
What is the greatest common divisor of 6 and 4799?
1
Calculate the highest common divisor of 92365 and 130.
65
What is the greatest common factor of 11 and 827079?
11
What is the highest common divisor of 37968 and 24?
24
Calculate the highest common factor of 50 and 1854350.
50
What is the highest common divisor of 477 and 134196?
159
What is the highest common divisor of 51225 and 15?
15
What is the highest common divisor of 208 and 764688?
16
What is the greatest common divisor of 432 and 117720?
216
Calculate the greatest common factor of 296 and 4773.
37
What is the highest common factor of 28505 and 175?
5
What is the highest common factor of 5499 and 6439?
47
Calculate the greatest common divisor of 18756 and 180.
36
What is the greatest common factor of 23520 and 96?
96
Calculate the highest common factor of 32 and 4349.
1
What is the highest common factor of 220 and 4745180?
220
Calculate the highest common divisor of 763083 and 9.
9
What is the greatest common factor of 7733 and 260887?
407
Calculate the greatest common divisor of 390732 and 12.
12
Calculate the greatest common divisor of 11564 and 3540.
236
Calculate the greatest common factor of 2865759 and 2364.
591
What is the greatest common divisor of 2651 and 17834?
241
Calculate the highest common divisor of 3360 and 1435.
35
Calculate the greatest common factor of 16016 and 2067.
13
What is the greatest common divisor of 2784 and 13137?
87
What is the greatest common divisor of 4191 and 22506?
33
Calculate the highest common factor of 1488 and 15280.
16
Calculate the highest common divisor of 62159 and 305.
61
What is the highest common factor of 995 and 44974?
199
Calculate the greatest common factor of 3744 and 7470.
18
What is the greatest common factor of 19722 and 42?
6
Calculate the greatest common divisor of 10 and 623165.
5
Calculate the greatest common factor of 369694 and 3068.
1534
What is the highest common divisor of 40810 and 330?
110
What is the greatest common factor of 607460 and 14?
14
What is the highest common divisor of 799 and 425?
17
What is the highest common divisor of 14248 and 7592?
104
What is the highest common divisor of 608 and 29408?
32
What is the greatest common divisor of 5580 and 11625?
465
What is the highest common factor of 20091 and 1629?
543
Calculate the greatest common factor of 25 and 8295.
5
Calculate the highest common factor of 42038 and 20.
2
What is the highest common divisor of 5152 and 57344?
224
Calculate the greatest common factor of 138 and 211446.
6
Calculate the highest common divisor of 19 and 987848.
19
What is the highest common divisor of 7047 and 609?
87
What is the highest common divisor of 49228 and 31?
31
What is the highest common divisor of 800 and 116?
4
Calculate the greatest common factor of 10220 and 30720.
20
What is the highest common factor of 49 and 1269247?
49
What is the greatest common factor of 43252 and 220?
44
Calculate the greatest common divisor of 48 and 6597328.
16
Calculate the greatest common factor of 3 and 27407.
1
What is the greatest common factor of 177788 and 845?
169
What is the greatest common factor of 1205 and 24635?
5
Calculate the highest common factor of 169448 and 472.
472
Calculate the highest common factor of 79476 and 97236.
444
What is the highest common factor of 116 and 9947?
29
Calculate the highest common factor of 393300 and 1368.
684
What is the greatest common factor of 16663 and 437?
19
Calculate the greatest common divisor of 7840 and 196490.
490
What is the highest common divisor of 2028 and 2393716?
676
What is the highest common factor of 27 and 474408?
9
What is the highest common divisor of 5214 and 93378?
474
Calculate the highest common divisor of 40 and 29335.
5
What is the highest common factor of 4257 and 36?
9
What is the greatest common divisor of 273665 and 245?
245
What is the greatest common divisor of 49376 and 48?
16
Calculate the greatest common factor of 1804862 and 212.
106
What is the highest common divisor of 228 and 1863786?
114
Calculate the greatest common divisor of 5630442 and 1278.
426
Calculate the greatest common factor of 22533 and 38073.
777
Calculate the highest common factor of 1120 and 132720.
560
What is the greatest common factor of 38 and 10735?
19
What is the greatest common divisor of 66975 and 4935?
705
What is the greatest common divisor of 30032 and 160?
16
Calculate the greatest common factor of 44625 and 3689.
119
What is the greatest common divisor of 171581 and 119?
17
What is the highest common factor of 147 and 3849?
3
Calculate the greatest common factor of 89552 and 416.
16
What is the highest common divisor of 44055 and 330?
165
Calculate the highest common divisor of 118 and 649.
59
What is the highest common divisor of 248 and 1112?
8
What is the greatest common factor of 2003836 and 67?
67
Calculate the highest common divisor of 3111664 and 80.
16
What is the greatest common divisor of 33 and 1764807?
33
Calculate the greatest common factor of 70 and 1716505.
35
What is the highest common factor of 1030 and 5253?
103
What is the greatest common factor of 84471 and 148?
37
What is the greatest common factor of 7052 and 369?
41
What is the highest common divisor of 35511 and 5187?
399
What is the greatest common factor of 22895 and 171?
19
Calculate the highest common divisor of 13221 and 351.
117
Calculate the greatest common factor of 126 and 345562.
14
What is the greatest common factor of 4351 and 292891?
229
What is the greatest common factor of 2021 and 1833?
47
What is the highest common factor of 1208 and 3849292?
604
What is the highest common factor of 3116995 and 175?
35
Calculate the greatest common factor of 228 and 3505728.
228
Calculate the highest common divisor of 4182 and 82.
82
Calculate the greatest common divisor of 45508 and 10643.
367
What is the highest common divisor of 6059 and 36769?
83
What is the highest common divisor of 174 and 360354?
174
Calculate the highest common factor of 4082 and 19625.
157
What is the highest common divisor of 2074 and 19346?
34
What is the greatest common divisor of 364 and 109837?
91
What is the highest common divisor of 30000 and 3900?
300
Calculate the greatest common factor of 3 and 49086.
3
Calculate the greatest common divisor of 23220 and 1485.
135
Calculate the greatest common divisor of 1